--
-- Host: localhost    Database: master
-- ------------------------------------------------------


--
-- Table structure for table `application`
--

CREATE TABLE `application` (
  `id` int NOT NULL AUTO_INCREMENT,
  `user_id` int NOT NULL,
  `course_id` int NOT NULL,
  `status` int DEFAULT NULL,
  `created_at` datetime DEFAULT NULL,
  `updated_at` datetime DEFAULT NULL,
  `mail_confirmation` tinyint(1) DEFAULT NULL,
  `payment_receipt_uploaded` tinyint(1) DEFAULT NULL,
  `documents_uploaded` tinyint(1) DEFAULT NULL,
  `mail_relance` tinyint(1) DEFAULT NULL,
  `school_id` int NOT NULL,
  `trainingType_id` int NOT NULL,
  `diplomaType_id` int NOT NULL,
  PRIMARY KEY (`id`),
  KEY `IDX_A45BDDC1A76ED395` (`user_id`),
  KEY `IDX_A45BDDC1591CC992` (`course_id`),
  KEY `IDX_A45BDDC1C32A47EE` (`school_id`),
  KEY `IDX_A45BDDC1C02E95E3` (`trainingType_id`),
  KEY `IDX_A45BDDC1B534DF12` (`diplomaType_id`),
  CONSTRAINT `FK_A45BDDC1591CC992` FOREIGN KEY (`course_id`) REFERENCES `course` (`id`),
  CONSTRAINT `FK_A45BDDC1A76ED395` FOREIGN KEY (`user_id`) REFERENCES `users` (`id`),
  CONSTRAINT `FK_A45BDDC1B534DF12` FOREIGN KEY (`diplomaType_id`) REFERENCES `diploma_type` (`id`),
  CONSTRAINT `FK_A45BDDC1C02E95E3` FOREIGN KEY (`trainingType_id`) REFERENCES `training_type` (`id`),
  CONSTRAINT `FK_A45BDDC1C32A47EE` FOREIGN KEY (`school_id`) REFERENCES `school` (`id`)
) ENGINE=InnoDB AUTO_INCREMENT=1092 DEFAULT CHARSET=utf8mb3 COLLATE=utf8mb3_unicode_ci;

--
-- Dumping data for table `application`
--

INSERT INTO `application` VALUES (1075,11514,26,NULL,'2023-09-12 13:32:38',NULL,NULL,0,0,NULL,1,6,9),(1076,11516,26,NULL,'2023-09-12 15:16:34',NULL,NULL,NULL,NULL,NULL,1,6,9),(1077,11517,26,NULL,'2023-09-12 16:12:06',NULL,NULL,0,0,NULL,1,6,9),(1078,11519,26,NULL,'2023-09-13 23:50:22',NULL,NULL,NULL,NULL,NULL,1,6,9),(1079,11520,26,NULL,'2023-09-14 00:09:29',NULL,NULL,0,0,NULL,1,6,9),(1080,11521,26,NULL,'2023-09-14 00:16:15',NULL,NULL,0,0,NULL,1,6,9),(1081,11522,26,NULL,'2023-09-14 00:51:05',NULL,NULL,NULL,0,NULL,1,6,9),(1082,11525,26,NULL,'2023-09-14 01:40:59',NULL,NULL,0,0,NULL,1,6,9),(1083,11527,26,NULL,'2023-09-14 13:10:18',NULL,NULL,0,0,NULL,1,6,9),(1084,11529,26,NULL,'2023-09-14 14:05:57',NULL,NULL,NULL,NULL,NULL,1,6,9),(1085,11530,26,NULL,'2023-09-14 16:58:48',NULL,NULL,0,0,NULL,1,6,9),(1086,11532,26,NULL,'2023-09-14 17:26:33',NULL,NULL,NULL,NULL,NULL,1,6,9),(1087,11535,26,NULL,'2023-09-14 20:11:50',NULL,NULL,NULL,NULL,NULL,1,6,9),(1088,11534,26,NULL,'2023-09-14 20:31:39',NULL,NULL,0,0,NULL,1,6,9),(1089,11536,26,NULL,'2023-09-14 21:49:48',NULL,NULL,NULL,NULL,NULL,1,6,9),(1090,11539,26,NULL,'2023-09-15 16:18:07',NULL,NULL,NULL,NULL,NULL,1,6,9),(1091,11540,26,NULL,'2023-09-15 18:03:25',NULL,NULL,0,0,NULL,1,6,9);

--
-- Table structure for table `application_diploma`
--

CREATE TABLE `application_diploma` (
  `id` int NOT NULL AUTO_INCREMENT,
  `application_id` int NOT NULL,
  `diploma_id` int NOT NULL,
  `ord` int DEFAULT NULL,
  PRIMARY KEY (`id`),
  KEY `IDX_79F8C643E030ACD` (`application_id`),
  KEY `IDX_79F8C64A99ACEB5` (`diploma_id`),
  CONSTRAINT `FK_79F8C643E030ACD` FOREIGN KEY (`application_id`) REFERENCES `application` (`id`),
  CONSTRAINT `FK_79F8C64A99ACEB5` FOREIGN KEY (`diploma_id`) REFERENCES `diploma` (`id`)
) ENGINE=InnoDB AUTO_INCREMENT=974 DEFAULT CHARSET=utf8mb3 COLLATE=utf8mb3_unicode_ci;

--
-- Dumping data for table `application_diploma`
--

INSERT INTO `application_diploma` VALUES (957,1075,39,1),(958,1076,39,1),(959,1077,39,1),(960,1078,39,1),(961,1079,39,1),(962,1080,39,1),(963,1081,39,1),(964,1082,39,1),(965,1083,39,1),(966,1084,39,1),(967,1085,39,1),(968,1086,39,1),(969,1087,39,1),(970,1088,39,1),(971,1089,39,1),(972,1090,39,1),(973,1091,39,1);

--
-- Table structure for table `autorisations`
--

CREATE TABLE `autorisations` (
  `role_id` int NOT NULL,
  `fonctionnalite_id` int NOT NULL,
  PRIMARY KEY (`role_id`,`fonctionnalite_id`),
  KEY `IDX_3AB39F8FD60322AC` (`role_id`),
  KEY `IDX_3AB39F8F4477C5D8` (`fonctionnalite_id`),
  CONSTRAINT `FK_3AB39F8F4477C5D8` FOREIGN KEY (`fonctionnalite_id`) REFERENCES `fonctionnalites` (`id`),
  CONSTRAINT `FK_3AB39F8FD60322AC` FOREIGN KEY (`role_id`) REFERENCES `roles` (`id`)
) ENGINE=InnoDB DEFAULT CHARSET=utf8mb3 COLLATE=utf8mb3_unicode_ci;

--
-- Dumping data for table `autorisations`
--

INSERT INTO `autorisations` VALUES (3,2),(3,3);

--
-- Table structure for table `course`
--

CREATE TABLE `course` (
  `id` int NOT NULL AUTO_INCREMENT,
  `name` varchar(255) CHARACTER SET utf8mb3 COLLATE utf8mb3_unicode_ci NOT NULL,
  `conditions` longtext CHARACTER SET utf8mb3 COLLATE utf8mb3_unicode_ci NOT NULL,
  `school_year` int NOT NULL,
  `application_deadline` datetime DEFAULT NULL,
  `files_deadline` datetime DEFAULT NULL,
  `payment_receipt_deadline` datetime DEFAULT NULL,
  PRIMARY KEY (`id`)
) ENGINE=InnoDB AUTO_INCREMENT=28 DEFAULT CHARSET=utf8mb3 COLLATE=utf8mb3_unicode_ci;

--
-- Dumping data for table `course`
--

INSERT INTO `course` VALUES (26,'Sécurité Sanitaire des Aliments en Région Méditerranéenne (FOSAMED), Option : Sécurité Sanitaire des Produits Oléicoles','<ul><li><blockquote><b>Intitulé :&nbsp;Sécurité Sanitaire des Aliments en Méditerranée (FOSAMED). Option&nbsp;: Sécurité Sanitaire des Produits Oléicoles&nbsp;Options de la formation :&nbsp;</b>Cette formation se décline en deux années (soit 4 semestres) comprenant des enseignements communs (S1 et S2) et d’autres plus spécifiques (S3 et S4) à des filières phares du secteur agro-alimentaire. Pendant la première année du master, les étudiants suivront un enseignement transdisciplinaire couvrant les domaines de la technologie agroalimentaire, la sécurité alimentaire, la chimie et microbiologie alimentaires, la nutrition et la science des aliments. Cette transdisciplinarité assure la formation des étudiants à des profils de métiers très diversifiés et en adéquation avec les besoins du secteur agroalimentaire. Ainsi, la première année englobe 12 modules communs : chimie alimentaire, microbiologie alimentaire, biosécurité en laboratoires, méthodes d\'analyse des aliments, statistiques appliquées, anglais scientifique, toxicologie alimentaire, opérations unitaires en technologie alimentaire, Sécurité des aliments et gestion de la qualité, hygiène et sécurité des aliments, législation alimentaire, et nutrition humaine et santé.La deuxième année du master est très largement spécialisée pour la sécurité sanitaire des produits oléicoles. Cette spécialisation intitulée «Sécurité Sanitaire des Produits Oléicoles», porte sur la formation des étudiants à l’ensemble des techniques et des technologies de pointe pour la production durable des olives de tables et de l’huile d’olives vierge en maitrisant la chaine de production dans sa globalité, allant de la production de la matière première au conditionnement du produit final, passant par la mise en place des systèmes de mangement de la qualité et l’appréhension des réglementations en vigueur en matière des exigences et des normes de la qualité et la sécurité alimentaire des produits oléicoles, sans oublier la maitrise des techniques d’évaluation et de contrôle de la qualité et de la sécurité sanitaire des produits oléicoles aux différents maillons de la chaine de production. Pour ce faire, le programme de spécialisation « Produits oléicoles » comprend les modules suivants&nbsp;: Oléiculture et oleiotechnie, élaboration des olives de table, valorisation des sous-produits de l’olivier, qualité et sécurité sanitaire des produits oléicoles, analyse documentaire, méthodes de recherche et de rédaction de la thèse du master, séminaires et thèmes spéciaux, et projet de fin d’études.&nbsp;&nbsp;</blockquote></li></ul><b>Conditions:&nbsp;</b><br><ul><ul><li><b>Diplômes requis : Licence fondamentale, technique ou professionnelle en sciences de la vie, en sciences biologiques, en sciences agroalimentaire, diplôme d’ingénieur d’état en agronomie, agroalimentaire ou tout diplôme jugé équivalent.</b></li><li><b>Pré-requis pédagogiques spécifiques&nbsp;: Formation académique (licence, ingénierie ou tout diplôme jugé équivalent) dans le domaine de biologie, chimie ou des sciences agronomiques et agroalimentaires.</b></li><li><b>Procédures de sélection :</b></li><li><b><i>Etude du dossier&nbsp;</i></b></li><li><b><i>Test écrit&nbsp;</i></b></li><li><b><i>Entretien</i>&nbsp;</b></li><li><b>Effectif prévu&nbsp;: 10 étudiants.</b></li></ul></ul>',2023,'2023-09-30 00:00:00','2023-10-12 00:00:00','2023-09-30 00:00:00');

--
-- Table structure for table `course_diploma`
--

CREATE TABLE `course_diploma` (
  `course_id` int NOT NULL,
  `diploma_id` int NOT NULL,
  PRIMARY KEY (`course_id`,`diploma_id`),
  KEY `IDX_E4E28CBB591CC992` (`course_id`),
  KEY `IDX_E4E28CBBA99ACEB5` (`diploma_id`),
  CONSTRAINT `FK_E4E28CBB591CC992` FOREIGN KEY (`course_id`) REFERENCES `course` (`id`),
  CONSTRAINT `FK_E4E28CBBA99ACEB5` FOREIGN KEY (`diploma_id`) REFERENCES `diploma` (`id`)
) ENGINE=InnoDB DEFAULT CHARSET=utf8mb3 COLLATE=utf8mb3_unicode_ci;

--
-- Dumping data for table `course_diploma`
--

INSERT INTO `course_diploma` VALUES (26,39);

--
-- Table structure for table `course_document_type`
--

CREATE TABLE `course_document_type` (
  `course_id` int NOT NULL,
  `document_type_id` int NOT NULL,
  PRIMARY KEY (`course_id`,`document_type_id`),
  KEY `IDX_E8E79F63591CC992` (`course_id`),
  KEY `IDX_E8E79F6361232A4F` (`document_type_id`),
  CONSTRAINT `FK_E8E79F63591CC992` FOREIGN KEY (`course_id`) REFERENCES `course` (`id`),
  CONSTRAINT `FK_E8E79F6361232A4F` FOREIGN KEY (`document_type_id`) REFERENCES `document_type` (`id`)
) ENGINE=InnoDB DEFAULT CHARSET=utf8mb3 COLLATE=utf8mb3_unicode_ci;

--
-- Dumping data for table `course_document_type`
--

INSERT INTO `course_document_type` VALUES (26,1),(26,3),(26,5),(26,9),(26,15);

--
-- Table structure for table `diploma`
--

CREATE TABLE `diploma` (
  `id` int NOT NULL AUTO_INCREMENT,
  `school_id` int NOT NULL,
  `school_field_id` int NOT NULL,
  `diploma_type_id` int NOT NULL,
  `training_type_id` int NOT NULL,
  PRIMARY KEY (`id`),
  KEY `IDX_EC218957C32A47EE` (`school_id`),
  KEY `IDX_EC218957BA7133F4` (`school_field_id`),
  KEY `IDX_EC218957D2BDC45D` (`diploma_type_id`),
  KEY `IDX_EC21895718721C9D` (`training_type_id`),
  CONSTRAINT `FK_EC21895718721C9D` FOREIGN KEY (`training_type_id`) REFERENCES `training_type` (`id`),
  CONSTRAINT `FK_EC218957BA7133F4` FOREIGN KEY (`school_field_id`) REFERENCES `school_field` (`id`),
  CONSTRAINT `FK_EC218957C32A47EE` FOREIGN KEY (`school_id`) REFERENCES `school` (`id`),
  CONSTRAINT `FK_EC218957D2BDC45D` FOREIGN KEY (`diploma_type_id`) REFERENCES `diploma_type` (`id`)
) ENGINE=InnoDB AUTO_INCREMENT=40 DEFAULT CHARSET=utf8mb3 COLLATE=utf8mb3_unicode_ci;

--
-- Dumping data for table `diploma`
--

INSERT INTO `diploma` VALUES (39,1,42,9,6);

--
-- Table structure for table `diploma_type`
--

CREATE TABLE `diploma_type` (
  `id` int NOT NULL AUTO_INCREMENT,
  `name` varchar(255) CHARACTER SET utf8mb3 COLLATE utf8mb3_unicode_ci NOT NULL,
  `description` longtext CHARACTER SET utf8mb3 COLLATE utf8mb3_unicode_ci NOT NULL,
  `order_row` int DEFAULT NULL,
  PRIMARY KEY (`id`),
  UNIQUE KEY `UNIQ_DD5D6F5E237E06` (`name`)
) ENGINE=InnoDB AUTO_INCREMENT=10 DEFAULT CHARSET=utf8mb3 COLLATE=utf8mb3_unicode_ci;

--
-- Dumping data for table `diploma_type`
--

INSERT INTO `diploma_type` VALUES (9,'Master','master',1);

--
-- Table structure for table `document`
--

CREATE TABLE `document` (
  `id` int NOT NULL AUTO_INCREMENT,
  `user_id` int NOT NULL,
  `document_type_id` int NOT NULL,
  `application_id` int NOT NULL,
  `filename` varchar(255) CHARACTER SET utf8mb3 COLLATE utf8mb3_unicode_ci NOT NULL,
  `extension` varchar(255) CHARACTER SET utf8mb3 COLLATE utf8mb3_unicode_ci NOT NULL,
  `status` int DEFAULT NULL,
  PRIMARY KEY (`id`),
  KEY `IDX_D8698A76A76ED395` (`user_id`),
  KEY `IDX_D8698A7661232A4F` (`document_type_id`),
  KEY `IDX_D8698A763E030ACD` (`application_id`),
  CONSTRAINT `FK_D8698A763E030ACD` FOREIGN KEY (`application_id`) REFERENCES `application` (`id`),
  CONSTRAINT `FK_D8698A7661232A4F` FOREIGN KEY (`document_type_id`) REFERENCES `document_type` (`id`),
  CONSTRAINT `FK_D8698A76A76ED395` FOREIGN KEY (`user_id`) REFERENCES `users` (`id`)
) ENGINE=InnoDB AUTO_INCREMENT=3109 DEFAULT CHARSET=utf8mb3 COLLATE=utf8mb3_unicode_ci;

--
-- Dumping data for table `document`
--


--
-- Table structure for table `document_type`
--

CREATE TABLE `document_type` (
  `id` int NOT NULL AUTO_INCREMENT,
  `name` varchar(100) CHARACTER SET utf8mb3 COLLATE utf8mb3_unicode_ci NOT NULL,
  `code` varchar(100) CHARACTER SET utf8mb3 COLLATE utf8mb3_unicode_ci NOT NULL,
  `multiple` tinyint(1) DEFAULT NULL,
  `order_row` int DEFAULT NULL,
  PRIMARY KEY (`id`),
  UNIQUE KEY `UNIQ_2B6ADBBA5E237E06` (`name`)
) ENGINE=InnoDB AUTO_INCREMENT=23 DEFAULT CHARSET=utf8mb3 COLLATE=utf8mb3_unicode_ci;

--
-- Dumping data for table `document_type`
--

INSERT INTO `document_type` VALUES (1,'CIN (Carte d\'identité nationale, Recto-Verso)/Passeport','cin',1,2),(2,'Curriculum Vitae','curriculum_vitae',1,3),(3,'Scan du relevé de notes des tous les semestres des années d’études (6 semestres pour les Bac +3 et 1','releve_notes_annees_cycle_Licence',1,11),(4,'Photocopie de l\'attestation du diplôme de la Licence d\'État ou équivalent','photocopie_attestation_diplome_licence_etat_equivalent',1,9),(5,'photo récente','recent_picture',1,1),(6,'Relevé de notes des trois années de l\'enseignement secondaire','releve_notes_trois_annee_enseignement_secondaire',0,5),(7,'Certificat de scolarité de la 2ème  année du baccalauréat','certificat_scolarite_2eme_annee_baccalauréat',0,6),(8,'Reçu de paiement','payment_receipt',1,NULL),(9,'Diplôme de baccalauréat (Recto verso)','photocopie_legalisee_Baccalaureat',1,2),(10,'Attestation de réussite en 1ère  et 2ème  année','attestation_reussite_1ere_2eme_annee',0,8),(11,'Lettre de Motivation','mettre_motivation',0,4),(12,'Relevé de notes du 1er  cycle universitaire','releve_notes_1er_cycle_universitaire',1,10),(13,'Demande manuscrite adressée à Monsieur le directeur de l\'ENAM Hassan II','demande_manuscrite',1,1),(14,'Copie certifiée conforme des notes obtenues après le baccalauréat','copie_certifiee_conforme_notes_obtenues_après_baccalauréat',1,4),(15,'Scan du diplôme ou de l\'attestation de réussite (Recto-verso)   obtenu après le baccalauréat','Copie_certifiée_conforme_diplôme_obtenu_après_baccalauréat',1,5),(16,'autorisation de l\'administration d\'origine avec mention \"avis favorable\"','1',0,3),(17,'Fiche anthropométrique','2',0,5),(18,'Extrait d\'acte de naissance','5',0,7),(19,'2 Enveloppes timbrées portant adresse du candidat','4',0,8),(20,'Diplômes obtenus','DO',1,10),(21,'Copie certifiée conforme du Baccalauréat (recto-verso) ;','BAC',1,2),(22,'relevé de note du cycle ingénieur éventuellement','12',0,12);

--
-- Table structure for table `fonctionnalites`
--

CREATE TABLE `fonctionnalites` (
  `id` int NOT NULL AUTO_INCREMENT,
  `code` varchar(100) CHARACTER SET utf8mb3 COLLATE utf8mb3_unicode_ci NOT NULL,
  `description` longtext CHARACTER SET utf8mb3 COLLATE utf8mb3_unicode_ci NOT NULL,
  PRIMARY KEY (`id`),
  UNIQUE KEY `UNIQ_6386856277153098` (`code`)
) ENGINE=InnoDB AUTO_INCREMENT=4 DEFAULT CHARSET=utf8mb3 COLLATE=utf8mb3_unicode_ci;

--
-- Dumping data for table `fonctionnalites`
--

INSERT INTO `fonctionnalites` VALUES (2,'create user','Ajouter utilisateur'),(3,'update user','update user');

--
-- Table structure for table `nationality`
--

CREATE TABLE `nationality` (
  `id` int NOT NULL AUTO_INCREMENT,
  `name` varchar(255) CHARACTER SET utf8mb3 COLLATE utf8mb3_unicode_ci NOT NULL,
  PRIMARY KEY (`id`),
  UNIQUE KEY `UNIQ_8AC58B705E237E06` (`name`)
) ENGINE=InnoDB AUTO_INCREMENT=252 DEFAULT CHARSET=utf8mb3 COLLATE=utf8mb3_unicode_ci;

--
-- Dumping data for table `nationality`
--

INSERT INTO `nationality` VALUES (86,'Bosnienne'),(87,'Botswanaise'),(88,'Bresilienne'),(89,'Britannique'),(90,'Bruneienne'),(91,'Bulgare'),(92,'Burkinabe'),(93,'Burundaise'),(94,'Cambodgienne'),(95,'Camerounaise'),(96,'Canadienne'),(97,'Cap-verdienne'),(98,'Centrafricaine'),(99,'Chilienne'),(100,'Chinoise'),(101,'Chypriote'),(102,'Colombienne'),(103,'Comorienne'),(104,'Congolaise'),(105,'Costaricaine'),(106,'Croate'),(107,'Cubaine'),(108,'Danoise'),(109,'Djiboutienne'),(110,'Dominicaine'),(111,'Dominiquaise'),(112,'Egyptienne'),(113,'Emirienne'),(114,'Equato-guineenne'),(115,'Equatorienne'),(116,'Erythreenne'),(118,'Est-timoraise'),(119,'Estonienne'),(120,'Ethiopienne'),(121,'Fidjienne'),(122,'Finlandaise'),(123,'FranÃ§aise'),(124,'Gambienne'),(125,'Georgienne'),(126,'Ghaneenne'),(127,'Grenadienne'),(128,'Guatemalteque'),(129,'Guineenne'),(130,'Guyanienne'),(131,'HaÃ¯tienne'),(132,'Hellenique'),(133,'Hondurienne'),(134,'Hongroise'),(135,'Indienne'),(136,'Indonesienne'),(137,'Irakienne'),(138,'Irlandaise'),(139,'Islandaise'),(140,'IsraÃ©lienne'),(141,'Italienne'),(142,'Ivoirienne'),(143,'JamaÃ¯caine'),(144,'Japonaise'),(145,'Jordanienne'),(146,'Kazakhstanaise'),(147,'Kenyane'),(148,'Kirghize'),(149,'Kiribatienne'),(150,'Kittitienne-et-nevicienne'),(151,'Kossovienne'),(152,'Koweitienne'),(153,'Laotienne'),(154,'Lesothane'),(155,'Lettone'),(156,'Libanaise'),(157,'Liberienne'),(158,'Libyenne'),(159,'Liechtensteinoise'),(160,'Lituanienne'),(161,'Luxembourgeoise'),(162,'Macedonienne'),(163,'Malaisienne'),(164,'Malawienne'),(165,'Maldivienne'),(166,'Malgache'),(167,'Maltaise'),(1,'Marocaine'),(168,'Marshallaise'),(169,'Mauricienne'),(170,'Mauritanienne'),(171,'Mexicaine'),(172,'Micronesienne'),(173,'Moldave'),(174,'Monegasque'),(175,'Mongole'),(176,'Montenegrine'),(177,'Mozambicaine'),(178,'Namibienne'),(179,'Nauruane'),(180,'Neerlandaise'),(181,'Neo-zelandaise'),(182,'Nepalaise'),(183,'Nicaraguayenne'),(184,'Nigeriane'),(185,'Nigerienne'),(186,'Nord-corÃ©enne'),(187,'Norvegienne'),(188,'Omanaise'),(189,'Ougandaise'),(190,'Ouzbeke'),(191,'Pakistanaise'),(192,'Palau'),(193,'Palestinienne'),(194,'Panameenne'),(195,'Papouane-neoguineenne'),(196,'Paraguayenne'),(197,'Peruvienne'),(198,'Philippine'),(199,'Polonaise'),(200,'Portoricaine'),(201,'Portugaise'),(202,'Qatarienne'),(203,'Roumaine'),(204,'Russe'),(205,'Rwandaise'),(206,'Saint-lucienne'),(207,'Saint-marinaise'),(208,'Saint-vincentaise-et-grenadine'),(209,'Salomonaise'),(210,'Salvadorienne'),(211,'Samoane'),(212,'Santomeenne'),(213,'Saoudienne'),(214,'Senegalaise'),(215,'Serbe'),(216,'Seychelloise'),(217,'Sierra-leonaise'),(218,'Singapourienne'),(219,'Slovaque'),(220,'Slovene'),(221,'Somalienne'),(222,'Soudanaise'),(223,'Sri-lankaise'),(224,'Sud-africaine'),(225,'Sud-corÃ©enne'),(226,'Suedoise'),(227,'Suisse'),(228,'Surinamaise'),(229,'Swazie'),(230,'Syrienne'),(231,'Tadjike'),(232,'Taiwanaise'),(233,'Tanzanienne'),(234,'Tchadienne'),(235,'Tcheque'),(236,'ThaÃ¯landaise'),(237,'Togolaise'),(238,'Tonguienne'),(239,'Trinidadienne'),(240,'Tunisienne'),(241,'Turkmene'),(242,'Turque'),(243,'Tuvaluane'),(244,'Ukrainienne'),(245,'Uruguayenne'),(246,'Vanuatuane'),(247,'Venezuelienne'),(248,'Vietnamienne'),(249,'Yemenite'),(250,'Zambienne'),(251,'Zimbabweenne');

--
-- Table structure for table `online_payment`
--

CREATE TABLE `online_payment` (
  `id` int NOT NULL AUTO_INCREMENT,
  `user_id` int NOT NULL,
  `nom_cmr` varchar(255) CHARACTER SET utf8mb3 COLLATE utf8mb3_unicode_ci NOT NULL,
  `commande_id` varchar(255) CHARACTER SET utf8mb3 COLLATE utf8mb3_unicode_ci NOT NULL,
  `num_trans` varchar(255) CHARACTER SET utf8mb3 COLLATE utf8mb3_unicode_ci NOT NULL,
  `date_trans` varchar(255) CHARACTER SET utf8mb3 COLLATE utf8mb3_unicode_ci NOT NULL,
  `num_autorisation` varchar(255) CHARACTER SET utf8mb3 COLLATE utf8mb3_unicode_ci NOT NULL,
  `num_carte` varchar(255) CHARACTER SET utf8mb3 COLLATE utf8mb3_unicode_ci NOT NULL,
  `type_carte` varchar(255) CHARACTER SET utf8mb3 COLLATE utf8mb3_unicode_ci NOT NULL,
  `montant` varchar(255) CHARACTER SET utf8mb3 COLLATE utf8mb3_unicode_ci NOT NULL,
  PRIMARY KEY (`id`),
  KEY `IDX_5CBE57F3A76ED395` (`user_id`),
  CONSTRAINT `FK_5CBE57F3A76ED395` FOREIGN KEY (`user_id`) REFERENCES `users` (`id`)
) ENGINE=InnoDB AUTO_INCREMENT=35 DEFAULT CHARSET=utf8mb3 COLLATE=utf8mb3_unicode_ci;

--
-- Dumping data for table `online_payment`
--


--
-- Table structure for table `roles`
--

CREATE TABLE `roles` (
  `id` int NOT NULL AUTO_INCREMENT,
  `libelle` varchar(70) CHARACTER SET utf8mb3 COLLATE utf8mb3_unicode_ci NOT NULL,
  PRIMARY KEY (`id`),
  UNIQUE KEY `UNIQ_B63E2EC7A4D60759` (`libelle`)
) ENGINE=InnoDB AUTO_INCREMENT=4 DEFAULT CHARSET=utf8mb3 COLLATE=utf8mb3_unicode_ci;

--
-- Dumping data for table `roles`
--

INSERT INTO `roles` VALUES (3,'reerre');

--
-- Table structure for table `school`
--

CREATE TABLE `school` (
  `id` int NOT NULL AUTO_INCREMENT,
  `name` varchar(250) CHARACTER SET utf8mb3 COLLATE utf8mb3_unicode_ci NOT NULL,
  `address` varchar(45) CHARACTER SET utf8mb3 COLLATE utf8mb3_unicode_ci DEFAULT NULL,
  `phoneNumber` varchar(45) CHARACTER SET utf8mb3 COLLATE utf8mb3_unicode_ci DEFAULT NULL,
  `created_at` datetime NOT NULL,
  `updated_at` datetime DEFAULT NULL,
  `code` varchar(45) CHARACTER SET utf8mb3 COLLATE utf8mb3_unicode_ci DEFAULT NULL,
  PRIMARY KEY (`id`),
  UNIQUE KEY `UNIQ_F99EDABB5E237E06` (`name`)
) ENGINE=InnoDB AUTO_INCREMENT=3 DEFAULT CHARSET=utf8mb3 COLLATE=utf8mb3_unicode_ci;

--
-- Dumping data for table `school`
--

INSERT INTO `school` VALUES (1,'ENA Menknes','Meknes','+21235676545','2017-03-28 11:22:01','2023-09-08 00:08:14','ENAM');

--
-- Table structure for table `school_field`
--

CREATE TABLE `school_field` (
  `id` int NOT NULL AUTO_INCREMENT,
  `name` varchar(255) CHARACTER SET utf8mb3 COLLATE utf8mb3_unicode_ci NOT NULL,
  `date_accreditation` datetime NOT NULL,
  `description` longtext CHARACTER SET utf8mb3 COLLATE utf8mb3_unicode_ci NOT NULL,
  PRIMARY KEY (`id`),
  UNIQUE KEY `UNIQ_850FF3425E237E06` (`name`)
) ENGINE=InnoDB AUTO_INCREMENT=43 DEFAULT CHARSET=utf8mb3 COLLATE=utf8mb3_unicode_ci;

--
-- Dumping data for table `school_field`
--

INSERT INTO `school_field` VALUES (42,'Sécurité Sanitaire des Aliments en Région Méditerranéenne (FOSAMED)','2021-09-10 00:00:00','<span>Le processus de candidature est réglementé par les exigences énoncées dans le descriptif d\'accréditation de ce master ainsi que dans le Cahier des Normes Pédagogiques National (CNPN).<br><br><ul><li>Effectif prévu : 10 étudiants</li><li>Modalités d\'enseignement : Présentiel, hybride, à distance.</li><li>Procédure de sélection : Étude de dossier, test écrit et entretien.</li></ul></span>');

--
-- Table structure for table `training`
--

CREATE TABLE `training` (
  `id` int NOT NULL AUTO_INCREMENT,
  `user_id` int NOT NULL,
  `year_graduation` int NOT NULL,
  `specialty` varchar(255) CHARACTER SET utf8mb3 COLLATE utf8mb3_unicode_ci NOT NULL,
  `establishment` varchar(255) CHARACTER SET utf8mb3 COLLATE utf8mb3_unicode_ci NOT NULL,
  `level` varchar(255) CHARACTER SET utf8mb3 COLLATE utf8mb3_unicode_ci NOT NULL,
  `moyenne` varchar(255) CHARACTER SET utf8mb3 COLLATE utf8mb3_unicode_ci NOT NULL,
  `city` varchar(255) CHARACTER SET utf8mb3 COLLATE utf8mb3_unicode_ci NOT NULL,
  `status` varchar(255) CHARACTER SET utf8mb3 COLLATE utf8mb3_unicode_ci NOT NULL,
  `note_s1` varchar(255) COLLATE utf8mb3_unicode_ci NOT NULL,
  `note_s2` varchar(255) COLLATE utf8mb3_unicode_ci NOT NULL,
  PRIMARY KEY (`id`),
  KEY `IDX_D5128A8FA76ED395` (`user_id`),
  CONSTRAINT `FK_D5128A8FA76ED395` FOREIGN KEY (`user_id`) REFERENCES `users` (`id`)
) ENGINE=InnoDB AUTO_INCREMENT=5610 DEFAULT CHARSET=utf8mb3 COLLATE=utf8mb3_unicode_ci;

--
-- Dumping data for table `training`
--

INSERT INTO `training` VALUES (5533,11514,2022,'test','test','1ère année post bac','12','casa','Validée en session ordinaire','13','14'),(5534,11514,2021,'test','test','2ème année post bac','12','casa','Validée en session ordinaire','13','14'),(5535,11514,2020,'test','test','3ème année post bac','12','casa','Validée en session ordinaire','13','14'),(5536,11516,2022,'MATH','ESTB','1ère année post bac','14','Casablanca','Validée en session ordinaire','12','13'),(5537,11516,2018,'MATH','ESTB','2ème année post bac','14','Casablanca','Validée après rattrapage','12','23'),(5538,11516,2021,'MATH','ESTB','4ème année post bac','14','Casablanca','Validée après rattrapage','12','23'),(5539,7500,2022,'MATH','ESTB','1ère année post bac','14','Casablanca','Validée en session ordinaire','12','23'),(5540,11517,2020,'chimie','ena','1ère année post bac','15','Meknes','Validée en session ordinaire','15','15'),(5541,11517,2022,'chimie','ena','2ème année post bac','15','Meknes','Validée en session ordinaire','15','15'),(5542,11517,2023,'chimie','ena','3ème année post bac','15','Meknes','Validée en session ordinaire','15','15'),(5543,11519,2020,'technicien spécialisé en oléiculture et oléotechnie','Institut spécialisé en industrie agro-alimentaire et oléiculture','1ère année post bac','14.22','Meknès','Validée en session ordinaire','14.22','14.22'),(5544,11519,2021,'technicien spécialisé en oléiculture et oléotechnie','Institut spécialisé en industrie agro-alimentaire et oléiculture','2ème année post bac','14.32','Meknès','Validée en session ordinaire','14.32','14.32'),(5545,11519,2022,'Management des entreprises agricoles et agroalimentaires','La Faculté d\'Economie et de Gestion','3ème année post bac','14.80','Beni mellal','Validée en session ordinaire','12.95','13.85'),(5549,11521,2019,'Biologie','Faculté des Sciences Dhar El Mahraz de Fes','1ère année post bac','10.58','Fes','Validée après rattrapage','10.8','10.36'),(5550,11521,2020,'science de la vie','Faculté des Sciences Dhar El Mahraz de Fes','2ème année post bac','11.08','Fes','Validée après rattrapage','12.06','10.1'),(5551,11521,2022,'Production végétale','Faculté des Sciences Dhar El Mahraz de Fes','3ème année post bac','12.29','Fes','Validée en session ordinaire','10.75','13.83'),(5553,11522,2022,'Pharmacologie svi','Fes dher lmhraz','1ère année post bac','10.76','Fès','Validée en session ordinaire','10.71','10.34'),(5554,11522,2021,'Svi','Fès dher lmhraz','2ème année post bac','10.34','Fès','Validée après rattrapage','10.87','10.66'),(5555,11522,2020,'Pharmacologie','Fès dher lmhraz','3ème année post bac','10.77','Fès','Validée après rattrapage','10 .00','11.66'),(5558,11523,2021,'Biologie','Faculté des sciences Meknès','2ème année post bac','10','Meknes','Validée après rattrapage','11','10'),(5559,11523,2019,'Biologie','Faculté des sciences Meknès','1ère année post bac','10','Meknes','Validée après rattrapage','10','10'),(5560,11523,2022,'Biologie','Faculté des sciences Meknès','3ème année post bac','10','Meknes','Validée après rattrapage','10','11'),(5561,11525,2016,'TECHNICIEN SPECIALISE EN GESTION DES ENTREPRISES AGRICOLES','INSTITUT PRINCE SIDI MOHAMED','2ème année post bac','18.58','MOHAMMEDIA','Validée en session ordinaire','18.66','18.50'),(5562,11525,2020,'AGENT COMMERCIAL ET CHARGE DE CLIENTEL','UNIVERSITE SIDI MOHAMED BEN ABDELLAH DE FES','3ème année post bac','14.04','FES','Validée en session ordinaire','140.8','14'),(5563,11525,2021,'MASTER D\'UNIVERSITE EN MARKETING ET STRATEGIES COMMERCIALES','UNIVERSITE MOULAY ISMAIL MEKNES','4ème année post bac','14.00','MEKNES','Validée en session ordinaire','13.91','14.00'),(5565,11527,2019,'Science de la vie','Faculté polydisciplinaire de taza','1ère année post bac','11,52','Taza','Validée après rattrapage','11,04','12,00'),(5566,11527,2020,'Science de la vie','Faculté polydisciplinaire de taza','2ème année post bac','10,70','Taza','Validée après rattrapage','10,29','11,14'),(5567,11527,2021,'Science de la vie','Faculté polydisciplinaire de taza','3ème année post bac','11,71','Taza','Validée en session ordinaire','11,17','12,26'),(5568,11529,2015,'Année Préparatoire','APESA','1ère année post bac','10,79','Rabat','Validée en session ordinaire','0','0'),(5569,11529,2016,'Agronomie Prépas','IAV','2ème année post bac','13,62','Rabat','Validée en session ordinaire','0','0'),(5570,11529,2017,'Agronomie Générale','IAV','3ème année post bac','12,93','Rabat','Validée en session ordinaire','0','0'),(5571,11529,2018,'Agronomie/Management des Productions Végétales et de l\'Environnement','IAV','4ème année post bac','11,44','Rabat','Validée après rattrapage','0','0'),(5572,11529,2019,'Agronomie/Management des Productions Végétales et de l\'Environnement','IAV','5ème année post bac','16,68','Rabat','Validée en session ordinaire','11,91','18'),(5574,11530,2019,'Technico-commercial en production horticole','Institut des Techniciens Spécialisées en Agriculture de Témara','1ère année post bac','16.41','Témara','Validée en session ordinaire','16.41','16.41'),(5575,11530,2020,'Technico-commercial en production horticole','Institut des Techniciens Spécialisées en Agriculture de Témara','2ème année post bac','16.99','Témara','Validée en session ordinaire','16.99','16.99'),(5576,11530,2021,'Horticulture Ornemental et Espaces Verts','Faculté des Sciences Oujda','3ème année post bac','15.00','Oujda','Validée en session ordinaire','14.425','15.58'),(5577,11530,2022,'Horticulture Ornemental et Espaces Verts','Faculté des Sciences Oujda','4ème année post bac','14.97','Oujda','Validée en session ordinaire','14.098','15.85'),(5578,11532,2015,'Ingénieur en Industries Agricoles et Alimentaires','IAV Hassan II','5ème année post bac','Très Honorable avec Félicitations du jury','Rabat','Validée en session ordinaire','-','-'),(5579,11532,2021,'PhD en Sciences Agronomiques et Agroalimentaires','IAV Hassan II','4ème année post bac','Très Honorable avec Félicitations du jury','Rabat','Validée en session ordinaire','-','-'),(5580,11533,2020,'technicien spécialisé en hygiene et qualité','institut spésialisé en industrie agroalimentaire et oléiculture','1ère année post bac','12.21','meknes','Validée en session ordinaire','12.21','12.21'),(5581,11533,2021,'technicien spécialisé en hygiene et qualité','institut spésialisé en industrie agroalimentaire et oléiculture','2ème année post bac','12.87','meknes','Validée en session ordinaire','12.87','12.87'),(5584,11534,2019,'Technico-Commerciale en Production Horticole','Institut des Techniciens Spécialisés en Agriculture de Fquih Ben Salah','1ère année post bac','16,35','Fquih Ben Salah','Validée en session ordinaire','16,53','16,35'),(5585,11534,2020,'Technico-Commerciale en Production Horticole','Institut des Techniciens Spécialisés en Agriculture de Fquih Ben Salah','2ème année post bac','16,26','Fquih Ben Salah','Validée en session ordinaire','16,26','16,26'),(5586,11534,2021,'Horticulture Ornementale et Espaces Verts','Faculté des Sciences Oujda','3ème année post bac','14,25','Oujda','Validée en session ordinaire','13,57','14,94'),(5587,11535,2020,'Industrie Agroalimentaire','Ecole supérieure de technologie','1ère année post bac','12.71','Fquih ben salah','Validée après rattrapage','12.41','13.01'),(5589,11535,2021,'Industrie Agroalimentaire','Ecole supérieure de technologie','2ème année post bac','13.61','Fquih ben salah','Validée après rattrapage','12.26','14.96'),(5590,11535,2022,'Génie Agroalimentaire','Faculté de science Ain Chock','3ème année post bac','12.05','Casablanca','Validée après rattrapage','12.21','11.90'),(5591,11534,2022,'Horticulture Ornementale et Espaces Verts','Faculté des Sciences Oujda','4ème année post bac','15,04','Oujda','Validée après rattrapage','14,20','15,88'),(5594,11536,2019,'Sciences de la vie','Faculté des sciences Dhar El Mehraz','1ère année post bac','10.785','Fès','Validée après rattrapage','10.36','11.21'),(5595,11536,2021,'Sciences de la vie','Faculté des sciences Dhar El Mehraz','2ème année post bac','12.625','Fès','Validée après rattrapage','13.08','12.17'),(5596,11536,2022,'Sciences de la vie','Faculté des sciences Dhar El Mehraz','3ème année post bac','11.945','Fès','Validée après rattrapage','10.37','13.52'),(5602,11539,2019,'SCIENCES DE LA VIE','FP TAZA','1ère année post bac','11.36','TAZA','Validée après rattrapage','10.22','12.50'),(5603,11539,2021,'BIOLOGIE APPLIQUÉE','FP TAZA','3ème année post bac','11.44','TAZA','Validée en session ordinaire','11.38','11.50'),(5604,11539,2022,'SCIENCES DE LA VIE','FP TAZA','2ème année post bac','13.46','TAZA','Validée en session ordinaire','13.50','13.43'),(5606,11540,2019,'TS - Technico-commercial en production horticole','INSTITUT DES TECHNICIENS SPECIALISES EN HORTICULTURE ET COMMERCIALISATION D’AIT MELLOUL','1ère année post bac','13.54','Ait Melloul','Validée en session ordinaire','13.54','13.54'),(5607,11540,2020,'TS - Technico-commercial en production horticole','INSTITUT DES TECHNICIENS SPECIALISES EN HORTICULTURE ET COMMERCIALISATION D’AIT MELLOUL','2ème année post bac','14.88','Ait Melloul','Validée en session ordinaire','14.88','14.88'),(5608,11540,2021,'Horticulture Ornementale et Espaces Verts','Faculté des sciences d\'Oujda','3ème année post bac','16.038','Oujda','Validée après rattrapage','16.363','15.713'),(5609,11540,2022,'Horticulture Ornementale et Espaces Verts','Faculté des sciences d\'Oujda','4ème année post bac','15.377','Oujda','Validée en session ordinaire','14.337','16.417');

--
-- Table structure for table `training_type`
--

CREATE TABLE `training_type` (
  `id` int NOT NULL AUTO_INCREMENT,
  `name` varchar(255) CHARACTER SET utf8mb3 COLLATE utf8mb3_unicode_ci NOT NULL,
  PRIMARY KEY (`id`),
  UNIQUE KEY `UNIQ_8344106A5E237E06` (`name`)
) ENGINE=InnoDB AUTO_INCREMENT=8 DEFAULT CHARSET=utf8mb3 COLLATE=utf8mb3_unicode_ci;

--
-- Dumping data for table `training_type`
--

INSERT INTO `training_type` VALUES (6,'Master');

--
-- Table structure for table `user_diploma_type`
--

CREATE TABLE `user_diploma_type` (
  `user_id` int NOT NULL,
  `diploma_type_id` int NOT NULL,
  PRIMARY KEY (`user_id`,`diploma_type_id`),
  KEY `IDX_8011216DA76ED395` (`user_id`),
  KEY `IDX_8011216DD2BDC45D` (`diploma_type_id`),
  CONSTRAINT `FK_8011216DA76ED395` FOREIGN KEY (`user_id`) REFERENCES `users` (`id`),
  CONSTRAINT `FK_8011216DD2BDC45D` FOREIGN KEY (`diploma_type_id`) REFERENCES `diploma_type` (`id`)
) ENGINE=InnoDB DEFAULT CHARSET=utf8mb3 COLLATE=utf8mb3_unicode_ci;

--
-- Dumping data for table `user_diploma_type`
--

INSERT INTO `user_diploma_type` VALUES (11514,9),(11515,9),(11516,9),(11517,9),(11518,9),(11519,9),(11520,9),(11521,9),(11522,9),(11523,9),(11524,9),(11525,9),(11526,9),(11527,9),(11528,9),(11529,9),(11530,9),(11531,9),(11532,9),(11533,9),(11534,9),(11535,9),(11536,9),(11537,9),(11538,9),(11539,9),(11540,9);

--
-- Table structure for table `users`
--

CREATE TABLE `users` (
  `id` int NOT NULL AUTO_INCREMENT,
  `nationality_id` int DEFAULT NULL,
  `email` varchar(255) CHARACTER SET utf8mb3 COLLATE utf8mb3_unicode_ci NOT NULL,
  `email_canonical` varchar(255) CHARACTER SET utf8mb3 COLLATE utf8mb3_unicode_ci NOT NULL,
  `enabled` tinyint(1) NOT NULL,
  `salt` varchar(255) CHARACTER SET utf8mb3 COLLATE utf8mb3_unicode_ci NOT NULL,
  `password` varchar(255) CHARACTER SET utf8mb3 COLLATE utf8mb3_unicode_ci DEFAULT NULL,
  `last_login` datetime DEFAULT NULL,
  `locked` tinyint(1) NOT NULL,
  `expired` tinyint(1) NOT NULL,
  `expires_at` datetime DEFAULT NULL,
  `confirmation_token` varchar(255) CHARACTER SET utf8mb3 COLLATE utf8mb3_unicode_ci DEFAULT NULL,
  `password_requested_at` datetime DEFAULT NULL,
  `roles` longtext CHARACTER SET utf8mb3 COLLATE utf8mb3_unicode_ci NOT NULL COMMENT '(DC2Type:array)',
  `credentials_expired` tinyint(1) NOT NULL,
  `credentials_expire_at` datetime DEFAULT NULL,
  `first_name` varchar(45) CHARACTER SET utf8mb3 COLLATE utf8mb3_unicode_ci NOT NULL,
  `last_name` varchar(45) CHARACTER SET utf8mb3 COLLATE utf8mb3_unicode_ci NOT NULL,
  `cin` varchar(45) CHARACTER SET utf8mb3 COLLATE utf8mb3_unicode_ci DEFAULT NULL,
  `cne` varchar(45) CHARACTER SET utf8mb3 COLLATE utf8mb3_unicode_ci DEFAULT NULL,
  `address` varchar(255) CHARACTER SET utf8mb3 COLLATE utf8mb3_unicode_ci DEFAULT NULL,
  `phoneNumber` varchar(255) CHARACTER SET utf8mb3 COLLATE utf8mb3_unicode_ci DEFAULT NULL,
  `place_birth` varchar(45) CHARACTER SET utf8mb3 COLLATE utf8mb3_unicode_ci DEFAULT NULL,
  `birth_date` datetime DEFAULT NULL,
  `role` varchar(45) CHARACTER SET utf8mb3 COLLATE utf8mb3_unicode_ci NOT NULL,
  `username` varchar(255) CHARACTER SET utf8mb3 COLLATE utf8mb3_unicode_ci DEFAULT NULL,
  `username_canonical` varchar(255) CHARACTER SET utf8mb3 COLLATE utf8mb3_unicode_ci DEFAULT NULL,
  `created_at` datetime DEFAULT NULL,
  `updated_at` datetime DEFAULT NULL,
  `school_id` int DEFAULT NULL,
  `internat` tinyint(1) DEFAULT NULL,
  `sexe` varchar(255) COLLATE utf8mb3_unicode_ci DEFAULT NULL,
  `code_national` varchar(255) COLLATE utf8mb3_unicode_ci DEFAULT NULL,
  `situation_professionnelle` varchar(255) COLLATE utf8mb3_unicode_ci DEFAULT NULL,
  `type_baccalaureat` varchar(255) COLLATE utf8mb3_unicode_ci DEFAULT NULL,
  `moyenne_baccalaureat` varchar(255) COLLATE utf8mb3_unicode_ci DEFAULT NULL,
  `mention_baccalaureat` varchar(255) COLLATE utf8mb3_unicode_ci DEFAULT NULL,
  `annee_inscription_secondaire` varchar(255) COLLATE utf8mb3_unicode_ci DEFAULT NULL,
  `annee_obtention_diplome` varchar(255) COLLATE utf8mb3_unicode_ci DEFAULT NULL,
  `type_diplome` varchar(255) COLLATE utf8mb3_unicode_ci DEFAULT NULL,
  `mention_diplome` varchar(255) COLLATE utf8mb3_unicode_ci DEFAULT NULL,
  `intitule_filiere` varchar(255) COLLATE utf8mb3_unicode_ci DEFAULT NULL,
  PRIMARY KEY (`id`),
  UNIQUE KEY `UNIQ_1483A5E9A0D96FBF` (`email_canonical`),
  UNIQUE KEY `UNIQ_1483A5E9ABE530DA` (`cin`),
  KEY `IDX_1483A5E91C9DA55` (`nationality_id`),
  KEY `IDX_1483A5E9C32A47EE` (`school_id`),
  CONSTRAINT `FK_1483A5E91C9DA55` FOREIGN KEY (`nationality_id`) REFERENCES `nationality` (`id`),
  CONSTRAINT `FK_1483A5E9C32A47EE` FOREIGN KEY (`school_id`) REFERENCES `school` (`id`)
) ENGINE=InnoDB AUTO_INCREMENT=11541 DEFAULT CHARSET=utf8mb3 COLLATE=utf8mb3_unicode_ci;

--
-- Dumping data for table `users`
--

INSERT INTO `users` VALUES (7499,NULL,'admin@gmail.com','admin@gmail.com',1,'d2ox0tt142gc480gowco8ws8gw80sgo','$2y$13$lzbj1r50fk04k04wgwc8suR92.YM3x6rk0MAkMz3tWGYjnopx9In.','2020-09-18 22:13:51',0,0,NULL,NULL,NULL,'a:0:{}',0,NULL,'GHALLAM','Abdelghani','T238795',NULL,'Sidi barnoussi','+212707805704','Casablanca','1990-07-11 00:00:00','administrator',NULL,'','2020-09-18 15:47:56',NULL,NULL,NULL,NULL,NULL,NULL,NULL,NULL,NULL,NULL,NULL,NULL,NULL,NULL),(7500,NULL,'alo.mohamed@gmail.com','alo.mohamed@gmail.com',1,'q5hug2zy85cwok0ksgosocco0sokscw','$2y$13$q5hug2zy85cwok0ksgosoOcv5ZaAglLcO0q6jazEkCLTjaMrxlrrW','2023-09-11 19:07:21',0,0,NULL,'KgEeo3_-vJdUfgeG3DCh32lgSWTcpBiIvoh4vsm0gaY','2020-10-11 14:13:14','a:0:{}',0,NULL,'Mohamed','ALAOUI','P230228',NULL,'App 24 RES KARAM Rue CALAVON LES HOPITAUC','+212661570569','CASABLANCA','2000-01-12 00:00:00','administrator',NULL,'','2020-09-18 17:36:02',NULL,NULL,NULL,NULL,NULL,NULL,NULL,NULL,NULL,NULL,NULL,NULL,NULL,NULL),(8345,NULL,'si@enameknes.net','si@enameknes.net',0,'h2yhm2p9mdk4ok80occo4ck4wkcows0','$2y$13$h2yhm2p9mdk4ok80occo4Ori4sZedWj4zYvnElH5S5mRZRweLa9fC',NULL,0,0,NULL,NULL,NULL,'a:0:{}',0,NULL,'ilham','kadiri',NULL,NULL,NULL,'0622297170',NULL,NULL,'administrator',NULL,'','2020-10-05 12:04:14',NULL,1,NULL,NULL,NULL,NULL,NULL,NULL,NULL,NULL,NULL,NULL,NULL,NULL),(11514,1,'m.alaoui@linkommunity.com','m.alaoui@linkommunity.com',1,'n1lgknqrreo0csooco08ogss4gwgkwg','$2y$13$n1lgknqrreo0csooco08oewStFJfHzE2.gUpwOrQvA2ouPa/L70Dm','2023-09-13 19:44:50',0,0,NULL,NULL,NULL,'a:0:{}',0,NULL,'Mohamed','ALAOUI','22000',NULL,'Bureau 368 Technopark','0645450045','test','1990-08-07 00:00:00','student',NULL,'','2023-09-12 13:29:00',NULL,NULL,NULL,'Homme','34567890','Étudiant','Sciences Agronomiques','18','Très Bien','2000','2022','Bac + 5','Très Bien','test'),(11515,1,'ghalam.dba@gmail.com','ghalam.dba@gmail.com',0,'cs7hzahjw3s44wocoog48ws8oogckoo',NULL,NULL,0,0,NULL,'Id8p5n3emvus9KcDTQcwwp4U860LxU2GSrtGBty_gC8',NULL,'a:0:{}',0,NULL,'GHALLAM','Abdelghani','AAAAA',NULL,'Sidi barnoussi','+212707805704','AAAA','1990-11-11 00:00:00','student',NULL,'','2023-09-12 15:09:04',NULL,NULL,NULL,'Homme','RRRRRR','Étudiant','Sciences Agronomiques','12','Très Bien','1980','1980','Bac + 5','Très Bien','12222'),(11516,1,'ghalam.autec@gmail.com','ghalam.autec@gmail.com',1,'7zy4epw02wgskogkcksggk00wk44og8','$2y$13$7zy4epw02wgskogkcksggetJFFKt/JEIDbnWvvIJBkPBs01FjNxa6','2023-09-12 15:16:06',0,0,NULL,NULL,NULL,'a:0:{}',0,NULL,'GHALLAM','Abdelghani','123456789',NULL,'Sidi barnoussi','+212707805704','CASA','1990-11-11 00:00:00','student',NULL,'','2023-09-12 15:10:08',NULL,NULL,NULL,'Homme','RRRRRR','Étudiant','Sciences Agronomiques','12','Très Bien','1980','1980','Bac + 5','Très Bien','12222'),(11517,1,'abajoub@enameknes.ac.ma','abajoub@enameknes.ac.ma',1,'snq15dtifw0scgg4wgo4sgcwk4ocgks','$2y$13$snq15dtifw0scgg4wgo4seTRN7hxyAb4KgmB0XAQfLUmgh0lMS/3G','2023-09-13 18:25:22',0,0,NULL,NULL,NULL,'a:0:{}',0,NULL,'Bajoub','Adil','I567898',NULL,'ENA Meknes','0669567898','Meknes','2003-12-12 00:00:00','student',NULL,'','2023-09-12 16:08:43',NULL,NULL,NULL,'Homme','I4545475','Étudiant','Sciences Agronomiques','15','Très Bien','2020','2022','Bac + 5','Très Bien','dffrrr'),(11518,1,'karima-lamise@outlook.com','karima-lamise@outlook.com',1,'85uzkgyxcescgckkokocw8s844ogk8w','$2y$13$85uzkgyxcescgckkokocwuss3m24cnVjaT0yX23uDPlwYI1cZUjz2',NULL,0,0,NULL,NULL,NULL,'a:0:{}',0,NULL,'El alaoui chafai','Khaoula','CD281660',NULL,'Route ain chkef errachidya 2 rue 3','0664735988','Fes','1997-02-10 00:00:00','student',NULL,'','2023-09-13 21:55:13',NULL,NULL,NULL,'Femme','1412785151','Autre','Sciences Physiques et Chimiques','14.04','Bien','2015','2019','Licence','Assez Bien','Physio pharmacologie'),(11519,1,'aboubakeraouragh1@gmail.com','aboubakeraouragh1@gmail.com',1,'e6olhee3ntkc0g0sg0css4ws4s4gcoc','$2y$13$e6olhee3ntkc0g0sg0cssu5JPWuiwWWhjzoh/d5/c8dfPnLMVCt4e','2023-09-14 11:13:49',0,0,NULL,NULL,NULL,'a:0:{}',0,NULL,'AOURAGH','Aboubaker','PA172575',NULL,'LOT IDISS NIGHIR NR 259 TINGHIR','0635750430','ES-SEMARA','2001-01-14 00:00:00','student',NULL,'','2023-09-13 22:57:20',NULL,NULL,NULL,'Homme','D138577419','Étudiant','Sciences Agronomiques','11.00','Passable','2020','2023','Licence','Bien','Management des entreprises agricoles et agroalimentaires'),(11520,1,'mouad.ibrahimi21@gmail.com','mouad.ibrahimi21@gmail.com',1,'p7nm9bp3ia8cssk8kggok4cwc0ckc8c','$2y$13$p7nm9bp3ia8cssk8kggokuvj/ZVGg4LWCQ6O37kGn28KJUWaO5lMu','2023-09-14 00:21:50',0,0,NULL,NULL,NULL,'a:0:{}',0,NULL,'IBRAHIMI','MOUAD','V370287',NULL,'KERROUCHEN CENTRE KHENIFRA','+212693546506','KERROUCHEN','2002-08-21 00:00:00','student',NULL,'','2023-09-13 23:56:03',NULL,NULL,NULL,'Homme','M148064350','Étudiant','Sciences Physiques et Chimiques','13.72','Assez Bien','2020','2023','Licence','Bien','Management des Entreprises Agricoles et Agro-Alimentaire'),(11521,142,'lathmathieu44@gmail.com','lathmathieu44@gmail.com',1,'tnofg60wo0g8gc4w04k048w480wkc80','$2y$13$tnofg60wo0g8gc4w04k04uVCOGHCgniGWBG.nuduKzD4HTqno32/q','2023-09-14 17:45:21',0,0,NULL,NULL,NULL,'a:0:{}',0,NULL,'Djédjro','Lath Mathieu','19AA01715',NULL,'26 rue Gabon montfleurit 1 étage 1 porte 2','0675298737','Nouvel-Ousrou','1998-04-03 00:00:00','student',NULL,'','2023-09-13 23:57:12',NULL,NULL,NULL,'Homme','1980110089','Étudiant','Sciences de la Vie et de la Terre','12.18','Passable','2019','2019','Licence','Passable','Production végétale'),(11522,1,'wwissal11@gmail.com','wwissal11@gmail.com',1,'3u21nxquwym8c80sks48g4cgc4cg0k0','$2y$13$3u21nxquwym8c80sks48guqRiwv/2mc5WUd.IJBb7pG1YK.kL7FPi',NULL,0,0,NULL,NULL,NULL,'a:0:{}',0,NULL,'Et-taleby','Wissal','Cn48330',NULL,'Douar ksser jdide kssabi missour','0713727908','Midelet','2003-02-11 00:00:00','student',NULL,'','2023-09-14 00:44:30',NULL,NULL,NULL,'Femme','N148073284','Étudiant','Sciences de la Vie et de la Terre','11.34','Passable','2021','2023','Licence','Passable','Svi parcours pharmacologie'),(11523,1,'Salmaouizali08@gmail.com','salmaouizali08@gmail.com',1,'rgyku4e33eo0g848kgwk0wcosowo40g','$2y$13$rgyku4e33eo0g848kgwk0us8fBnN0ekuRBNJ3RHGXOKX5aoP9Uu.O','2023-09-14 01:04:41',0,0,NULL,NULL,NULL,'a:0:{}',0,NULL,'Salma','Ouizali','D886061',NULL,'Hey salam numéro 101 Meknès','0614216786','Meknes','1998-08-29 00:00:00','student',NULL,'','2023-09-14 00:59:10',NULL,NULL,NULL,'Homme','M130504327','Étudiant','Sciences de la Vie et de la Terre','10','Passable','2016','2022','Licence','Passable','Biologie'),(11524,1,'elfarroudnassima@gmail.com','elfarroudnassima@gmail.com',0,'ogrq5ch00tcgksc8sw0kw000oc0g444',NULL,NULL,0,0,NULL,'XCq7fRuIQP3TZVWpcBN1Jt3aWF1VB-P3z7Qx180Cb90',NULL,'a:0:{}',0,NULL,'El farroud','Nassima','CB332625',NULL,'Nr 222 bloc 9 lotis biranzarane ben seffar sefrou','0639406801','Sidi Slimane','1999-12-20 00:00:00','student',NULL,'','2023-09-14 01:00:34',NULL,NULL,NULL,'Femme','N132298399','Étudiant','Sciences Physiques et Chimiques','14.38','Bien','2018','2021','Licence','Bien','Biotechnologie et valorisation des phytoressources'),(11525,1,'rachid.oubensaid@yahoo.com','rachid.oubensaid@yahoo.com',1,'nn6y51encpw0g04swckww08000wkog4','$2y$13$nn6y51encpw0g04swckwwuuC/DFb09eGRttCyDjSrvxbWmM2BwjU6',NULL,0,0,NULL,NULL,NULL,'a:0:{}',0,NULL,'OUBENSAID','RACHID','IA153852',NULL,'1489 ETG-2 LOTIS BASSATINE TR/7 50000 MEKNES','0661412496','KASBA TADLA','1991-03-25 00:00:00','student',NULL,'','2023-09-14 01:12:46',NULL,NULL,NULL,'Homme','1229199608','Salarié','Sciences de la Vie et de la Terre','12.08','Très Bien','2012','1980','Bac + 5','Bien','MASTER PROFESSIONNEL EN MARKETING ET STRATEGIE COMMERCIALE'),(11526,1,'youfarsi2000@gmail.com','youfarsi2000@gmail.com',1,'lm25paf9cls8wksc444ks084g00sw0s','$2y$13$lm25paf9cls8wksc444ksu8uXI8lb.UbaUDtTrJc/I2FWZjGMgi9m',NULL,0,0,NULL,NULL,NULL,'a:0:{}',0,NULL,'FARISSI','YOUNESS','JM78025',NULL,'Bloc 5 sidi mimoune kasbat taher Ait Melloul','0633755901','Inezgane','2000-02-05 00:00:00','student',NULL,'','2023-09-14 07:32:45',NULL,NULL,NULL,'Homme','R130015996','Autre','Sciences de la Vie et de la Terre','10.94','Passable','2019','2022','Licence','Passable','Sciences de la vie option biotechnologies et amélioration des plantes'),(11527,1,'karimbfs36@gmail.com','karimbfs36@gmail.com',1,'qc4cg09vycggcw8c444o40koccswscw','$2y$13$qc4cg09vycggcw8c444o4ueUqcM08b5cBQtoB8Y6jYeIRDhag0n1O','2023-09-14 14:44:14',0,0,NULL,NULL,NULL,'a:0:{}',0,NULL,'BOUFLOUS','KARIM','Z622997',NULL,'DOUAR MASSDOURA OUED AMLIL TAZA','0629429509','MAGHRAOUA TAZA','1998-06-28 00:00:00','student',NULL,'','2023-09-14 11:23:02',NULL,NULL,NULL,'Homme','S130031175','Étudiant','Sciences de la Vie et de la Terre','10.78','Passable','2017','2022','Licence','Passable','Biologie appliquée'),(11528,1,'adil.chaloune@zalaragri.ma','adil.chaloune@zalaragri.ma',0,'acloo2xllnkgo84ksw4cgg04k084wg8',NULL,NULL,0,0,NULL,'sxC13VRcNVwwNZtVkz-yPX-K6cnneWHc5ZLHA55x3Vw',NULL,'a:0:{}',0,NULL,'Adil','Chaloune','BE702309',NULL,'Residence Zahr B, Casa','+212661213237','Casablanca','1977-07-30 00:00:00','student',NULL,'','2023-09-14 12:55:56',NULL,NULL,NULL,'Homme','XXX','Salarié','Autre','11','Assez Bien','1996','2000','Bac + 5','Très Bien','Gestion'),(11529,1,'Med.brech@gmail.com','med.brech@gmail.com',1,'ds0ynh0ipc84skg0w4gwg4cww04cwc4','$2y$13$ds0ynh0ipc84skg0w4gwguyibLPE3n2kxwIAX4F5ZMH.eCQMfKdd2',NULL,0,0,NULL,NULL,NULL,'a:0:{}',0,NULL,'Brech','Mohamed','AD282144',NULL,'243, Hay Skikina, Témara','0661513555','Témara','1998-02-08 00:00:00','student',NULL,'','2023-09-14 13:57:05',NULL,NULL,NULL,'Homme','J130385901','Fonctionnaire','Sciences Physiques et Chimiques','16,78','Très Bien','2015','2020','Bac + 5','Très Bien','Ingénieur d\'état en Agronomie, Management des Productions Végétales et de l\'Environnement'),(11530,1,'ayoubchakirlpmsd@gmail.com','ayoubchakirlpmsd@gmail.com',1,'1tij9e8qbxq8sc8ocs8cwoo4skgc4w0','$2y$13$1tij9e8qbxq8sc8ocs8cwe84YKP4N0reW2/KIeQUS4dAMDlpuqHaa','2023-09-14 17:49:53',0,0,NULL,NULL,NULL,'a:0:{}',0,NULL,'Chakir','Ayoub','EE666594',NULL,'LOT MAATALLAH NO 1387 M\'HAMID MARRAKECH','0648544483','Marrakech','2002-03-24 00:00:00','student',NULL,'','2023-09-14 16:37:10',NULL,NULL,NULL,'Homme','G147060740','Étudiant','Sciences Mathématiques','13.16','Assez Bien','2019','2023','Licence','Bien','Horticulture Ornemental et Espaces Verts'),(11531,1,'samiraguenfoud99@gmail.com','samiraguenfoud99@gmail.com',1,'c5jhtna13tsg40kc0k08wk4s00844oo','$2y$13$c5jhtna13tsg40kc0k08weSBijvny7KJg/ZMfjt22ncObAi9LhZqe',NULL,0,0,NULL,NULL,NULL,'a:0:{}',0,NULL,'GUENFOUD','Samira','IA189369',NULL,'Tizi N\'Isly centre Aghbala','0688466339','Tizi N\'Isly','1999-01-04 00:00:00','student',NULL,'','2023-09-14 17:09:44',NULL,NULL,NULL,'Femme','L136243332','Autre','Sciences de la Vie et de la Terre','17.14','Très Bien','2017','2022','Bac + 5','Très Bien','Arboriculture fruitière, oléiculture et viticulture'),(11532,1,'sifeddinerafik@gmail.com','sifeddinerafik@gmail.com',1,'98pgvhw5168sowo0g8cs8s4gscc8k0w','$2y$13$98pgvhw5168sowo0g8cs8ezJja6zVj1A9EWb34IbRQzzNbss.2LVe','2023-09-14 17:22:50',0,0,NULL,NULL,NULL,'a:0:{}',0,NULL,'Sifeddine','RAFIK','HA176452',NULL,'Hay skikina, Immeuble 71, App 05, Temara','0676063613','Temara','1993-12-03 00:00:00','student',NULL,'','2023-09-14 17:20:13',NULL,NULL,NULL,'Homme','1129256100','Fonctionnaire','Sciences Physiques et Chimiques','16.76','Très Bien','2011','2016','Bac + 5','Très Bien','Industries Agricoles et Alimentaires'),(11533,1,'marwafakes@gmail.com','marwafakes@gmail.com',1,'qtfsrcnexfkwc08g4g0so00w84cws0k','$2y$13$qtfsrcnexfkwc08g4g0sousvOTpaalwWcLXNai7KrlPsbBuqJmBMO','2023-09-14 18:14:34',0,0,NULL,NULL,NULL,'a:0:{}',0,NULL,'Fakes','Marwa','DN44419',NULL,'LOTS OUAD EDDAHAB N°22 EL HAJEB','0658548730','EL HAJEB','2002-12-09 00:00:00','student',NULL,'','2023-09-14 18:05:28',NULL,NULL,NULL,'Femme','M137232633','Étudiant','Sciences Physiques et Chimiques','12.42','Très Bien','2020','2023','Licence','Assez Bien','Genie agroalimentaire'),(11534,1,'manal.manal.naim@gmail.com','manal.manal.naim@gmail.com',1,'o1dbj5cio68kg0c8s0c8wkgss0g0484','$2y$13$o1dbj5cio68kg0c8s0c8weqYeBheb77KEFYzpbJJGchww0xu2dyVi','2023-09-15 17:49:09',0,0,NULL,NULL,NULL,'a:0:{}',0,NULL,'Naim','Manal','ID97073',NULL,'HAY EL KODS OULED AYAD SOUK SEBT OULED NEMMA','0677300574','OULED AYAD FQUIH BEN SALAH','1998-06-18 00:00:00','student',NULL,'','2023-09-14 19:02:08',NULL,NULL,NULL,'Femme','L135072868','Étudiant','Sciences Physiques et Chimiques','12,19','Assez Bien','2019','2023','Licence','Bien','Horticulture Ornementale et Espaces Verts'),(11535,1,'lourinikhaoula@gmail.com','lourinikhaoula@gmail.com',1,'iqgw77aq65cg4w0gscc0cgocg0soc40','$2y$13$iqgw77aq65cg4w0gscc0cefrezBNut8SWHe7qeVpzQo3ERk/Y6S0e','2023-09-15 10:58:00',0,0,NULL,NULL,NULL,'a:0:{}',0,NULL,'Khaoula','Lourini','HH78954',NULL,'NR 59 AV KENEDY QU VILLE NOUVELLE SAFI','0633220826','Safi','2002-09-20 00:00:00','student',NULL,'','2023-09-14 20:01:25',NULL,NULL,NULL,'Femme','G137280751','Étudiant','Sciences Agronomiques','12.86','Assez Bien','2020','2023','Licence','Assez Bien','Génie Agroalimentaire'),(11536,1,'youssef.elmghari01@gmail.com','youssef.elmghari01@gmail.com',1,'leo8kp50ypcok8kss48448ww8ogogk4','$2y$13$leo8kp50ypcok8kss4844uC8I1BAZnbD40qxt7Rj1iqFZ0FfD2Usi',NULL,0,0,NULL,NULL,NULL,'a:0:{}',0,NULL,'Elmghari','Youssef','CD726159',NULL,'48 Rue 3 Hafret Bennis Fès','0690798667','Meknes','2000-04-07 00:00:00','student',NULL,'','2023-09-14 21:34:07',NULL,NULL,NULL,'Homme','N134349291','Étudiant','Sciences de la Vie et de la Terre','10.38','Passable','2018','2023','Licence','Passable','Biotechnologie Microbienne'),(11537,1,'boukhrissnadia1997@gmail.com','boukhrissnadia1997@gmail.com',1,'1yezaoxubxxcscwkwwsgg4w4w84o004','$2y$13$1yezaoxubxxcscwkwwsgguYTOrkDFmbaQjpYP60KCaANJNY5G2iJy',NULL,0,0,NULL,NULL,NULL,'a:0:{}',0,NULL,'Boukhriss','Nadia','DN34332',NULL,'Hay tamaninate essoufla el hajeb','0760517030','EL HAJEB','1997-12-03 00:00:00','student',NULL,'','2023-09-14 21:35:43',NULL,NULL,NULL,'Femme','M133516110','Étudiant','Sciences de la Vie et de la Terre','13.01','Assez Bien','2018','2021','Licence','Passable','BioProcédés, Hygiène et Sécurité Alimentaires (BPHSA)'),(11538,1,'KHAOULA.ALLACH@GMAIL.COM','khaoula.allach@gmail.com',1,'in2sq5vrnpk4kc8skcgk8848w88o0kg','$2y$13$in2sq5vrnpk4kc8skcgk8uklK5xXKqd/VXW3QruZ7S8lEeZwO9b0y',NULL,0,0,NULL,NULL,NULL,'a:0:{}',0,NULL,'ALLACH','Khaoula','D887174',NULL,'LOTISSEMENT MIMOUZA V 14 VN MEKNES','+212661109115','MEKNES','1999-05-12 00:00:00','student',NULL,'','2023-09-15 15:34:06',NULL,NULL,NULL,'Femme','M135289339','Autre','Sciences Physiques et Chimiques','17.26','Très Bien','2017','2017','Bac + 5','Très Bien','ARBORICULTURE VITICULTURE ET OLEICULTURE'),(11539,1,'meriemconcour@gmail.com','meriemconcour@gmail.com',1,'nuw64ennhj40w0kwgg8o088ks0sksww','$2y$13$nuw64ennhj40w0kwgg8o0uRSsmTwva30znQkZUcK9aeT8rZjayoq.','2023-09-15 15:51:03',0,0,NULL,NULL,NULL,'a:0:{}',0,NULL,'MERIEM','KAABOUCH','Z628250',NULL,'DR EL HADDADA ZERARDA TAZA','0673035004','ZERARDA','2000-03-08 00:00:00','student',NULL,'','2023-09-15 15:46:28',NULL,NULL,NULL,'Femme','S132383228','Étudiant','Sciences de la Vie et de la Terre','10.56','Passable','2018','2023','Licence','Assez Bien','biologie appliquée'),(11540,1,'benharroumaima@gmail.com','benharroumaima@gmail.com',1,'hment3p5edws4w8oocco8sk8cgskkgg','$2y$13$hment3p5edws4w8oocco8eR6afYSztUJYSpt4OoHfwAbKn6y0pPrm','2023-09-15 18:41:32',0,0,NULL,NULL,NULL,'a:0:{}',0,NULL,'Ben Harrou','Oumaima','JE316832',NULL,'24 Rue Bab El Maader Tiznit','0654704057','Tiznit','2001-09-17 00:00:00','student',NULL,'','2023-09-15 17:20:37',NULL,NULL,NULL,'Femme','D139118433','Étudiant','Sciences de la Vie et de la Terre','12.37','Assez Bien','2019','2023','Licence','Bien','Horticulture Ornementale et Espaces Verts');


